{"id":55,"date":"2021-02-28T18:44:21","date_gmt":"2021-02-28T17:44:21","guid":{"rendered":"https:\/\/processiaziendali.it\/index.php\/blog-2\/"},"modified":"2021-02-28T21:17:48","modified_gmt":"2021-02-28T20:17:48","slug":"blog-2","status":"publish","type":"page","link":"https:\/\/processiaziendali.it\/index.php\/blog-2\/","title":{"rendered":"Blog"},"content":{"rendered":"\n<h1 class=\"has-text-align-center wp-block-heading\">Processi Aziendali si occupa della modellazione concettuale dell&#8217;azienda<\/h1>\n\n\n\n<div style=\"height:20px\" aria-hidden=\"true\" class=\"wp-block-spacer\"><\/div>\n\n\n\n<p class=\"has-text-align-center\">L&#8217;azienda vista come sistema complesso<\/p>\n\n\n\n<div style=\"height:32px\" aria-hidden=\"true\" class=\"wp-block-spacer\"><\/div>\n\n\n<ul class=\"wp-block-latest-posts__list is-grid columns-2 alignwide wp-block-latest-posts\"><li><a class=\"wp-block-latest-posts__post-title\" href=\"https:\/\/processiaziendali.it\/index.php\/2022\/08\/24\/trasformazione-digitale-lanalisi-documentale\/\">Trasformazione digitale: l&#8217;analisi documentale<\/a><div class=\"wp-block-latest-posts__post-excerpt\">Documenti, moduli, formulari, interfacce, schede, anagrafiche&#8230; sono (o dovrebbero essere) tutti tipi di dati strutturati (vedi questa pagina di WikiPedia per la differenza tra dati strutturati, semistrutturati e non strutturati).\u2026 <a class=\"wp-block-latest-posts__read-more\" href=\"https:\/\/processiaziendali.it\/index.php\/2022\/08\/24\/trasformazione-digitale-lanalisi-documentale\/\" rel=\"noopener noreferrer\">Leggi tutto<span class=\"screen-reader-text\">: Trasformazione digitale: l&#8217;analisi documentale<\/span><\/a><\/div><\/li>\n<li><a class=\"wp-block-latest-posts__post-title\" href=\"https:\/\/processiaziendali.it\/index.php\/2021\/03\/01\/modello-aziendale-computazionale-dalla-partita-doppia-alla-simulazione-allintelligenza-artificiale\/\">I modelli aziendali computazionali: dalla partita doppia all&#8217;intelligenza economica<\/a><div class=\"wp-block-latest-posts__post-excerpt\">Un modello teorico \u00e8 uno strumento codificato e condiviso che ci consente di predire, cio\u00e8 di formulare affermazioni presumibilmente vere prima di poterne constatare l&#8217;effettiva rispondenza alla realt\u00e0. Attenzione: le\u2026 <a class=\"wp-block-latest-posts__read-more\" href=\"https:\/\/processiaziendali.it\/index.php\/2021\/03\/01\/modello-aziendale-computazionale-dalla-partita-doppia-alla-simulazione-allintelligenza-artificiale\/\" rel=\"noopener noreferrer\">Leggi tutto<span class=\"screen-reader-text\">: I modelli aziendali computazionali: dalla partita doppia all&#8217;intelligenza economica<\/span><\/a><\/div><\/li>\n<\/ul>","protected":false},"excerpt":{"rendered":"<p>Processi Aziendali si occupa della modellazione concettuale dell&#8217;azienda L&#8217;azienda vista come sistema complesso<\/p>\n","protected":false},"author":1,"featured_media":67,"parent":0,"menu_order":0,"comment_status":"closed","ping_status":"closed","template":"","meta":{"jetpack_post_was_ever_published":false,"footnotes":""},"class_list":["post-55","page","type-page","status-publish","has-post-thumbnail","hentry"],"jetpack_sharing_enabled":true,"jetpack_shortlink":"https:\/\/wp.me\/PcRcG5-T","_links":{"self":[{"href":"https:\/\/processiaziendali.it\/index.php\/wp-json\/wp\/v2\/pages\/55"}],"collection":[{"href":"https:\/\/processiaziendali.it\/index.php\/wp-json\/wp\/v2\/pages"}],"about":[{"href":"https:\/\/processiaziendali.it\/index.php\/wp-json\/wp\/v2\/types\/page"}],"author":[{"embeddable":true,"href":"https:\/\/processiaziendali.it\/index.php\/wp-json\/wp\/v2\/users\/1"}],"replies":[{"embeddable":true,"href":"https:\/\/processiaziendali.it\/index.php\/wp-json\/wp\/v2\/comments?post=55"}],"version-history":[{"count":1,"href":"https:\/\/processiaziendali.it\/index.php\/wp-json\/wp\/v2\/pages\/55\/revisions"}],"predecessor-version":[{"id":76,"href":"https:\/\/processiaziendali.it\/index.php\/wp-json\/wp\/v2\/pages\/55\/revisions\/76"}],"wp:featuredmedia":[{"embeddable":true,"href":"https:\/\/processiaziendali.it\/index.php\/wp-json\/wp\/v2\/media\/67"}],"wp:attachment":[{"href":"https:\/\/processiaziendali.it\/index.php\/wp-json\/wp\/v2\/media?parent=55"}],"curies":[{"name":"wp","href":"https:\/\/api.w.org\/{rel}","templated":true}]}}